est common factor of 49 and 6573?
7
Calculate the highest common divisor of 265 and 6201.
53
What is the greatest common divisor of 1815 and 155?
5
Calculate the highest common divisor of 1363 and 29.
29
Calculate the highest common factor of 86 and 2.
2
What is the greatest common divisor of 133 and 28?
7
What is the highest common factor of 128 and 576?
64
Calculate the greatest common factor of 448 and 1736.
56
What is the greatest common divisor of 1344 and 42?
42
Calculate the highest common divisor of 18 and 288.
18
What is the greatest common factor of 29 and 232?
29
What is the highest common divisor of 111 and 67821?
111
What is the highest common factor of 485 and 1552?
97
What is the greatest common factor of 65 and 45?
5
What is the greatest common divisor of 17 and 1003?
17
Calculate the greatest common divisor of 100 and 8320.
20
Calculate the highest common divisor of 121 and 341.
11
What is the highest common divisor of 84 and 224?
28
What is the greatest common divisor of 42 and 1344?
42
Calculate the highest common divisor of 180 and 280.
20
Calculate the greatest common factor of 15703 and 41.
41
Calculate the highest common divisor of 72 and 1602.
18
Calculate the greatest common divisor of 7 and 1.
1
Calculate the highest common factor of 240 and 1296.
48
Calculate the greatest common factor of 5 and 1510.
5
What is the highest common divisor of 174 and 12?
6
Calculate the highest common divisor of 21 and 609.
21
Calculate the highest common factor of 567 and 7.
7
What is the highest common factor of 19 and 19?
19
Calculate the highest common divisor of 92 and 16.
4
What is the greatest common divisor of 390 and 180?
30
Calculate the greatest common factor of 52075 and 25.
25
What is the highest common factor of 48 and 208?
16
Calculate the greatest common factor of 1122 and 2112.
66
What is the greatest common factor of 17 and 136?
17
What is the highest common divisor of 2479 and 185?
37
What is the greatest common divisor of 56 and 29764?
28
Calculate the greatest common divisor of 1326 and 52.
26
What is the greatest common factor of 81 and 729?
81
What is the highest common divisor of 99 and 297?
99
What is the greatest common divisor of 473 and 2107?
43
Calculate the greatest common factor of 37 and 37.
37
Calculate the greatest common factor of 909 and 9.
9
What is the greatest common factor of 3278 and 3576?
298
What is the highest common divisor of 90 and 18?
18
What is the highest common factor of 1105 and 85?
85
What is the greatest common factor of 380 and 3154?
38
What is the highest common divisor of 58 and 2842?
58
What is the greatest common divisor of 221 and 1989?
221
Calculate the greatest common divisor of 19221 and 43.
43
What is the greatest common factor of 36840 and 120?
120
What is the greatest common factor of 357 and 68?
17
Calculate the highest common factor of 705 and 15.
15
What is the highest common factor of 451 and 41?
41
What is the highest common factor of 2751 and 441?
21
What is the highest common divisor of 27982 and 68?
34
Calculate the greatest common factor of 71 and 213.
71
Calculate the greatest common factor of 120 and 4840.
40
What is the greatest common divisor of 2950 and 118?
118
What is the highest common factor of 126 and 10?
2
Calculate the greatest common divisor of 7 and 287.
7
Calculate the greatest common divisor of 2555 and 140.
35
Calculate the highest common factor of 2134 and 66.
22
What is the greatest common factor of 1089 and 72?
9
What is the greatest common divisor of 5 and 205?
5
What is the greatest common factor of 153 and 3009?
51
Calculate the highest common divisor of 12 and 19116.
12
Calculate the highest common divisor of 5 and 620.
5
Calculate the greatest common divisor of 132 and 429.
33
What is the greatest common divisor of 26 and 18694?
26
Calculate the greatest common factor of 108 and 12042.
54
Calculate the greatest common divisor of 42 and 1281.
21
Calculate the greatest common factor of 127 and 10414.
127
Calculate the greatest common divisor of 32 and 424.
8
Calculate the highest common divisor of 162 and 198.
18
Calculate the highest common factor of 6289 and 38.
19
What is the highest common divisor of 85 and 68?
17
What is the highest common divisor of 81 and 1926?
9
Calculate the highest common divisor of 12626 and 214.
214
What is the highest common factor of 25 and 14275?
25
Calculate the highest common divisor of 39701 and 29.
29
What is the greatest common factor of 405 and 3321?
81
What is the highest common divisor of 351 and 2430?
27
What is the greatest common factor of 33 and 33396?
33
What is the greatest common factor of 60 and 29620?
20
Calculate the highest common divisor of 342 and 494.
38
Calculate the highest common divisor of 1178 and 38.
38
What is the greatest common divisor of 17 and 3?
1
Calculate the greatest common factor of 66605 and 385.
385
Calculate the highest common divisor of 2943 and 218.
109
Calculate the greatest common factor of 70 and 175.
35
Calculate the greatest common divisor of 1 and 11.
1
Calculate the greatest common divisor of 54 and 36.
18
What is the greatest common divisor of 99 and 153?
9
Calculate the highest common factor of 378 and 42.
42
What is the highest common divisor of 51 and 1581?
51
Calculate the highest common factor of 318 and 4982.
106
What is the greatest common divisor of 1185 and 4029?
237
What is the highest common factor of 16002 and 21?
21
Calculate the highest common factor of 3417 and 51.
51
What is the highest common divisor of 6578 and 22?
22
Calculate the greatest common factor of 103 and 309.
103
Calculate the greatest common factor of 849 and 283.
283
Calculate the greatest common divisor of 120 and 480.
120
Calculate the highest common divisor of 37 and 4847.
37
Calculate the greatest common divisor of 299 and 1633.
23
Calculate the greatest common factor of 33 and 381.
3
What is the highest common factor of 8 and 770?
2
Calculate the highest common factor of 44 and 121.
11
What is the greatest common factor of 784 and 272?
16
What is the greatest common divisor of 187 and 17?
17
What is the greatest common divisor of 589 and 38?
19
Calculate the greatest common factor of 21 and 36813.
21
What is the highest common factor of 1554 and 63?
21
What is the greatest common factor of 474 and 12?
6
Calculate the highest common factor of 140 and 175.
35
What is the highest common factor of 17 and 9367?
17
What is the greatest common factor of 400 and 11280?
80
What is the highest common factor of 4071 and 253?
23
Calculate the highest common divisor of 9808 and 16.
16
Calculate the highest common factor of 124 and 155.
31
What is the greatest common factor of 671 and 88?
11
What is the highest common divisor of 99 and 44?
11
What is the highest common factor of 52 and 26?
26
Calculate the highest common divisor of 100 and 110900.
100
What is the greatest common divisor of 68 and 85?
17
What is the highest common factor of 26 and 10?
2
What is the greatest common divisor of 30 and 51?
3
Calculate the greatest common factor of 513 and 114.
57
Calculate the highest common factor of 434 and 56.
14
What is the greatest common divisor of 26460 and 294?
294
What is the highest common divisor of 202 and 5555?
101
Calculate the highest common divisor of 200 and 160.
40
What is the highest common divisor of 9 and 2079?
9
What is the highest common divisor of 2247 and 105?
21
Calculate the greatest common divisor of 1085 and 5.
5
What is the highest common divisor of 1650 and 957?
33
Calculate the greatest common divisor of 441 and 18.
9
Calculate the greatest common factor of 328 and 8.
8
What is the highest common divisor of 6 and 366?
6
Calculate the highest common divisor of 120 and 345.
15
What is the highest common factor of 3686 and 194?
194
What is the highest common divisor of 8 and 14?
2
What is the greatest common divisor of 3290 and 282?
94
Calculate the greatest common divisor of 135 and 285.
15
Calculate the highest common divisor of 8408 and 12.
4
Calculate the greatest common factor of 117 and 104.
13
What is the highest common divisor of 742 and 14?
14
What is the highest common divisor of 23978 and 38?
38
What is the greatest common divisor of 48 and 416?
16